ltiple of 1485?
True
Is 1712 a factor of 286710352?
True
Is 3937 a factor of 1138403235?
True
Is 1035890286 a multiple of 20?
False
Is 47 a factor of 563983383?
False
Does 4625 divide 665060360?
False
Is 443 a factor of 40868794?
False
Is 253052743 a multiple of 221?
False
Is 54 a factor of 59379480?
True
Is 243881277 a multiple of 109?
False
Is 409 a factor of 32253740?
True
Does 1420 divide 95016460?
True
Is 4911073 even?
False
Is 3310272 a multiple of 96?
True
Is 4789 a factor of 1055232205?
True
Is 214 a factor of 11461412?
True
Does 1748 divide 65546504?
True
Does 19 divide 123981251?
True
Is 144 a factor of 9194256?
True
Does 6 divide 8596527?
False
Is 911618994 a multiple of 39?
True
Does 3 divide 225183651?
True
Is 18 a factor of 76981143?
False
Does 3 divide 6044047?
False
Does 1160 divide 3629521189?
False
Does 465 divide 68215500?
True
Is 263 a factor of 102520556?
True
Does 351 divide 122801211?
True
Is 10 a factor of 782014050?
True
Is 29 a factor of 31343738?
False
Does 1928 divide 2784341241?
False
Does 4541 divide 1411860474?
True
Is 51 a factor of 32274942?
True
Is 14332093 a multiple of 81?
False
Does 10 divide 365787430?
True
Is 44369798 a multiple of 11?
True
Is 523 a factor of 158523915?
True
Is 260561231 a multiple of 115?
False
Is 1795571303 a multiple of 33?
False
Does 12 divide 192039422?
False
Is 4092495 a multiple of 55?
True
Is 1070239940 a multiple of 11?
True
Is 887759053 a multiple of 5001?
False
Does 168 divide 2228520?
True
Is 91004969 a multiple of 739?
False
Does 3743 divide 86698554?
False
Does 1428 divide 121214475?
False
Is 1861143 even?
False
Is 888 a factor of 28599830?
False
Does 20 divide 540673400?
True
Does 104 divide 439666012?
False
Does 238 divide 3734994?
False
Does 3770 divide 601065554?
False
Is 21 a factor of 721295590?
False
Is 9 a factor of 864930609?
True
Is 124 a factor of 1460156668?
True
Is 788 a factor of 43081470?
False
Does 67 divide 883766596?
False
Is 3869 a factor of 1717866952?
True
Is 4995257 a multiple of 2?
False
Is 600 a factor of 17086200?
True
Is 18228257 a multiple of 131?
True
Does 682 divide 10856758?
True
Is 840415140 a multiple of 63?
False
Is 2352 a factor of 59014032?
True
Is 22 a factor of 47630462?
True
Is 17148953 a multiple of 26?
False
Is 37371286 a multiple of 443?
False
Is 21 a factor of 74797611?
True
Is 149 a factor of 316324169?
True
Does 111 divide 193747132?
False
Does 5 divide 174517831?
False
Is 4568969 a multiple of 611?
False
Is 7 a factor of 8196824?
False
Is 240816086 a multiple of 14?
True
Does 2894 divide 264983322?
True
Is 44483274 a multiple of 29?
True
Does 27 divide 473268690?
True
Is 453600626 a multiple of 171?
False
Is 28 a factor of 578225376?
False
Is 4058179938 a multiple of 46?
True
Does 40 divide 36981723?
False
Is 133 a factor of 50547182?
True
Does 200 divide 2971068200?
True
Is 2776 a factor of 2352835300?
False
Is 754773195 a multiple of 2451?
True
Does 4 divide 25265668?
True
Does 9 divide 566133804?
True
Does 1179 divide 30948750?
True
Does 154 divide 29359779?
False
Is 82901280 a multiple of 105?
True
Is 962360084 a multiple of 28?
True
Is 650095281 a multiple of 1675?
False
Is 182095997 a multiple of 3261?
False
Does 2137 divide 3196233444?
False
Does 111 divide 941781165?
True
Is 12649061 a multiple of 109?
False
Is 368 a factor of 310063403?
False
Is 1159401856 a multiple of 1238?
True
Is 224834794 a multiple of 2064?
False
Is 412544880 a multiple of 54?
True
Is 85937862 a multiple of 142?
False
Is 481790688 a multiple of 366?
True
Is 200104173 a multiple of 881?
True
Is 778511235 a multiple of 29?
True
Does 5 divide 644831498?
False
Is 525091315 a multiple of 320?
False
Does 306 divide 1416327?
False
Does 771 divide 1938003272?
False
Does 29 divide 10332184?
False
Is 12 a factor of 17760804?
True
Does 11 divide 16215918?
False
Is 69 a factor of 493192573?
False
Is 1005051136 a multiple of 469?
False
Is 544 a factor of 1365459136?
False
Is 778260886 a multiple of 338?
True
Is 1317140 a multiple of 713?
False
Is 34006890 a multiple of 915?
True
Is 6640631 a multiple of 40?
False
Does 610 divide 42477350?
True
Does 59 divide 79901511?
False
Is 6 a factor of 139230338?
False
Does 80 divide 22052285?
False
Does 510 divide 42781350?
True
Is 1025 a factor of 613975?
True
Is 970479664 a multiple of 29?
True
Does 2402 divide 9684864?
True
Is 388164000 a multiple of 500?
True
Is 874 a factor of 1123059212?
False
Is 113 a factor of 24071057?
False
Does 19 divide 308388981?
True
Does 752 divide 2074796576?
True
Is 46 a factor of 13657899?
False
Does 4472 divide 1535382275?
False
Is 536 a factor of 52846920?
True
Does 98 divide 17579364?
False
Does 194 divide 112166532?
True
Is 136647186 a multiple of 65?
False
Is 574 a factor of 21750008?
True
Is 8790619 a multiple of 49?
False
Is 53 a factor of 3995987179?
False
Does 5 divide 466747743?
False
Does 13 divide 163639931?
True
Is 26 a factor of 38258678?
False
Does 14 divide 124872720?
True
Does 10 divide 1200385270?
True
Is 17 a factor of 3112985926?
False
Does 43 divide 8031437?
False
Is 27 a factor of 3052944?
True
Does 3468 divide 802117188?
True
Is 13238419 a multiple of 24?
False
Is 343849275 a multiple of 6675?
True
Is 1297130 a multiple of 38?
True
Does 267 divide 7652220?
True
Is 89067276 a multiple of 162?
True
Is 532 a factor of 153271328?
True
Does 2009 divide 202943153?
True
Is 453 a factor of 17570058?
True
Is 669 a factor of 944618407?
False
Is 6897150 a multiple of 90?
True
Is 72057713 a multiple of 1547?
True
Is 141253525 a multiple of 35?
True
Is 5476052 a multiple of 43?
False
Is 240285859 a multiple of 58?
False
Does 53 divide 427726635?
False
Does 14 divide 58923214?
True
Does 43 divide 214229941?
False
Does 81 divide 486375005?
False
Does 4209 divide 59001762?
True
Does 33 divide 322541335?
False
Is 18 a factor of 82344132?
True
Is 479 a factor of 100268368?
False
Is 5 a factor of 513929446?
False
Does 14 divide 1743132678?
True
Does 109 divide 172699827?
False
Does 12 divide 101332?
False
Is 804702674 a multiple of 36?
False
Is 1125 a factor of 49451625?
True
Is 16 a factor of 34622882?
False
Does 12353 divide 62525914?
False
Does 921 divide 1916781550?
False
Does 14 divide 2090350?
False
Does 2907 divide 999894627?
True
Is 4458497004 a multiple of 377?
True
Does 2146 divide 6833479?
False
Does 23 divide 31409122?
True
Is 2 a factor of 20794027?
False
Is 2602 a factor of 681512677?
False
Is 97969824 a multiple of 43?
True
Is 13 a factor of 1476269353?
True
Does 19 divide 223476708?
True
Is 5744532 a multiple of 12?
True
Is 2329426349 a multiple of 266?
False
Does 7 divide 9544423?
True
Does 3790 divide 2567649200?
True
Does 20 divide 66796760?
True
Does 1175 divide 116357572?
False
Is 373681626 a multiple of 53?
False
Does 445 divide 365695888?
False
Is 29 a factor of 35495536?
True
Does 141 divide 825525108?
True
Is 6 a factor of 144806394?
True
Is 373 a factor of 51816041?
True
Does 425 divide 329013930?
False
Is 3157 a factor of 190916418?
True
Is 81982530 a multiple of 5327?
True
Is 24 a factor of 34726344?
True
Does 173 divide 853116976?
True
Does 87 divide 672075?
True
Does 2487 divide 938519190?
True
Does 49 divide 76003789?
False
Is 6701083 a multiple of 20?
False
Does 369 divide 11151549?
True
Does 206 divide 568072?
False
Does 926 divide 30486399?
False
Is 15 a factor of 14672010?
True
Is 105 a factor of 786970692?
False
Is 2065032160 a multiple of 74?
True
Is 247541542 a multiple of 127?
True
Does 48 divide 73040784?
True
Is 65629344 a multiple of 96?
True
Is 98416080 a multiple of 3220?
True
Is 177128967 a multiple of 21?
False
Is 290086155 a multiple of 15?
True
Does 281 divide 21717840?
False
Is 253474326 a multiple of 19?
True
Does 895 divide 337166190?
True
Does 557 divide 75117020?
True
Is 9731585 a multiple of 7?
False
Is 113 a factor of 60263126?
True
Is 188 a factor of 249365644?
True
Does 3130 divide 91267670?
True
Is 65 a factor of 178776969?
False
Is 49232763 a multiple of 46?
False
Is 574473279 a multiple of 10?
False
Does 13 divide 451427223?
True
Is 224155204 a multiple of 364?
True
Is 1264770020 a multiple of 9263?
True
Is 222 a factor of 22011522?
True
Does 17 divide 1071034763?
False
Is 417826136 a multiple of 14?
True
Is 325209744 a 